/25796) a composite number?
False
Let v(u) = u**2 - 9*u + 19. Let o be v(3). Let d be -3*o/6*-1874. Let k = d + 1842. Is k a composite number?
True
Let l = -48171 + 136378. Is l prime?
False
Let l = 22 - 19. Suppose y - 547 = -2*c, l*y - 6*y = -2*c - 1617. Is y a composite number?
False
Let s = 637343 - 235401. Is s a prime number?
False
Let b = 20 - 18. Suppose 0 = -5*d - 4*t - 612 + 4135, -b*d + 1414 = 4*t. Suppose u + 2*v = d, 4*u - 2*v - 2837 = -5*v. Is u a prime number?
False
Suppose -681805 + 33927925 = 8*h + 16*h. Is h prime?
False
Is ((-187)/340*-129565)/(((-9)/(-12))/3) composite?
True
Let p(z) = 24*z**3 - 71*z**2 + 26*z + 53. Is p(20) a prime number?
True
Suppose 0 = o + o + 2*g, 0 = 3*o + 5*g - 6. Let s be 8/2 + o - -4. Let r(b) = 45*b**2 - 2*b + 11. Is r(s) prime?
False
Let l = 8931 + 87536. Is l a prime number?
False
Suppose 2*b - b - 19 = -5*a, -1 = -4*b + 5*a. Let d be (b/8 + 2)/(1/(-2)). Is (-2 - -5)*d/3*-521 a prime number?
False
Let a(f) = -f**2 + 15*f + 4. Let s be a(15). Let b be 2 + 4 - s - 159. Let h = b + 236. Is h composite?
False
Suppose -q + s + 6971 = 0, q - 16*s = -17*s + 6979. Let p = q - 2372. Is p prime?
True
Let v(n) = 564*n - 1009. Is v(18) composite?
True
Let o be (-42)/49 + (-48)/(-7). Suppose -55674 = o*p - 60*p. Is p composite?
False
Let i be (1 - 33/21)/(4/(-28)). Suppose -2*q - i*d = -1918, 5*q - 4779 = -0*d - 2*d. Is q a prime number?
False
Suppose -467 = 7*h + 5546. Let t = 1254 + h. Is t a prime number?
False
Is ((-2)/(-2))/(((-105)/(-210))/(373370/4)) a prime number?
False
Let o = 4019 - -10842. Suppose 666 = -17*b + o. Is b a composite number?
True
Let y(r) = 44*r + 18. Let s(h) = -45*h - 19. Let q(n) = -5*s(n) - 6*y(n). Is q(-4) prime?
False
Let t be 2 + (-8134)/(-5) + (-36)/45. Let f = t - 1014. Is f a composite number?
True
Let q be 9/15*-1 + (-84)/(-15). Suppose 8198 = q*r + 2803. Is r a composite number?
True
Let n(t) = 2*t**3 - 2*t**2 - t + 6. Let r be n(2). Suppose -2*i + 3*c - r = 67, -15 = 3*c. Let q = -37 - i. Is q prime?
False
Let c(v) = -v**3 - v**2 - 4*v + 45. Let q be c(0). Let w be (1 - 0)*(-21)/(-7). Is (82/w)/(6/q) composite?
True
Suppose -2*g + 54 = 2*r, -3 = -5*g + 2. Let c(k) = k**2 - 9*k - 58. Let n be c(r). Suppose n = -3*y - 2*a + 9505, 3*a = 5*y - 15170. Is y prime?
True
Let i be (-31)/(-11) + -3 + 554/22. Suppose -30*v = -i*v - 5900. Let o = v - 293. Is o a prime number?
True
Let i(w) = -11578*w - 9161. Is i(-113) a composite number?
True
Let n(t) = t**2 - 7*t - 1. Let h be n(6). Let l be ((-2)/4 - -3)/(h/(-686)). Let k = 367 - l. Is k composite?
True
Let y be (2/(-4) + 2099/2)/(-1). Let a = y + 610. Let f = 414 - a. Is f a composite number?
False
Let c(b) = 4*b**2 - 24*b + 1. Let a be c(6). Let p(r) = 7853*r**3 + r**2 - r. Is p(a) a prime number?
True
Let d = 137053 + 157842. Is d prime?
False
Is (101245/(-4))/(19/(608/(-40))) a prime number?
True
Let s(m) = -2*m**2 - 35*m - 14. Let t be s(-17). Suppose 4*b - b - i - 15 = 0, 0 = t*b - 4*i - 24. Suppose -b*d + 7278 = 2*d. Is d composite?
False
Suppose 0 = -5*r - 0 + 10. Let b be 0/(-5) - (-812)/r. Is (-6 - b/(-4))/((-2)/(-20)) a composite number?
True
Let y = 449 - 407. Is 75621/y - 6/4 - -2 a composite number?
False
Let q = -6988 - -13361. Is q a prime number?
True
Let f(z) = 551*z**2 - 68*z + 139. Is f(-26) prime?
False
Suppose -212*h + 26588104 = -40*h. Is h a prime number?
False
Suppose -3*h - 3*t + 295032 = 0, -2*h + 0*h + 196691 = t. Is h a prime number?
True
Suppose 51*l - 688138 = 40*l. Suppose 26*d - 274354 = -l. Is d prime?
False
Suppose k = -5*k + 21108. Is k composite?
True
Let d = 149 + -145. Suppose -4*b + 8*b - 2*q - 98884 = 0, d*q = 5*b - 123611. Is b composite?
True
Let t be (-136)/748 - (-4)/22. Is (t + 1)*501/6*6 composite?
True
Let r(z) = -z**3 + 5*z**2 + 3*z - 8. Let h be r(5). Suppose 3555 + 232 = h*x. Is x prime?
True
Let g = 695651 - 399714. Is g a prime number?
True
Suppose -13*h + 31450 = -67610. Suppose -4*q + h = q + 5*s, s = -5. Is q a prime number?
False
Let f = 55 - 45. Let a be (-1362)/(f/4 + -1). Let w = 1579 + a. Is w a composite number?
True
Let x(v) = -18*v + 102. Let m be x(6). Is (-3890)/20*(m + 0) a composite number?
True
Is (671522/(-8))/(-37 - 2205/(-60)) a composite number?
True
Let l(n) = 2243*n**2 - 18*n + 14. Let s be l(7). Suppose 0 = -25*r - 10*r + s. Is r a prime number?
True
Let p(x) be the first derivative of 3*x**3 + 8*x**2 - 6*x + 52. Is p(-11) a composite number?
False
Suppose -2*m - 4*m = -5*m. Suppose m = -5*l + 80 + 880. Let p = l + 209. Is p prime?
True
Let k = 133 + -117. Suppose -14 + k = u. Suppose u*i - 6458 = -2*g - i, 16145 = 5*g - 4*i. Is g a composite number?
False
Suppose 0 = l, 0 = -2*o + 39*l - 27*l - 17*l + 1037926. Is o prime?
False
Let q(w) = -12*w**2 + 62*w - 10. Let r be q(5). Let h = 8 - 4. Suppose h*c - 9772 = -r*c. Is c composite?
True
Suppose b + 5*q - 197149 = 0, -13*b - 2*q + 276878 = -2286437. Is b composite?
True
Let a(w) = 78249*w + 673. Is a(6) prime?
True
Let c = 290600 + -189947. Suppose 20137 = -2*a + 3*a - 2*p, 5*a - 2*p = c. Is a a composite number?
False
Let p(c) = 16341*c - 1841. Is p(10) prime?
True
Let z(y) = 9*y + 3. Let a be z(3). Suppose 3*t + 45 = 3*l + l, -a = -2*l + 4*t. Let g(f) = 3*f**2 - 14*f + 10. Is g(l) a composite number?
False
Suppose -455 = -6*h - 143. Is 13/h + 12105/12 composite?
False
Let u(p) = p**3 - 11*p**2 - 24*p - 5. Let b be u(13). Let j be (2/(-1))/(36/b - 2). Is (-2)/7 + 10943/j - 4 prime?
True
Let m be (-9)/(378/(-273984)) + (-3)/7. Let k be (-28)/(0 + 3 - 19547/m). Is k/(-3 - (-6 + 5)) prime?
False
Let z be (12/(-4))/((21/(-2))/7). Let p(r) = -8 + 184*r**z - 3*r + 6 + 1 + 5*r. Is p(-3) a prime number?
False
Let f be (-1)/2*(1 + (-5)/(-5)). Is (f/3)/((-1)/31362*2) prime?
True
Let y = 190935 + -134686. Is y a prime number?
True
Let o(a) = -a**3 + 31*a**2 - 92*a - 24. Let s be o(20). Let r = s - 1207. Is r prime?
False
Let w = -2330 - -53587. Is w composite?
False
Suppose 0 = -6*u + 18 - 0. Let m(f) = 3*f**2 - 19*f**2 + 6 + 2*f**3 + 0 + f + 0*f**u. Is m(11) a composite number?
False
Let o(c) = -c**2 - 2*c + 23. Let h be o(3). Is (h - 622531/(-77)) + 4/22 composite?
False
Suppose -29*m = -25*m + 8. Let i be -7 + 9 - (0 + m). Suppose -5990 = i*s - 9*s. Is s a composite number?
True
Suppose 2*w = -2*f + 66, -4*w + 2*w + 48 = -4*f. Suppose -w*d - 22845 = -33*d. Is d a prime number?
False
Let b(g) = -2*g - 18. Let a be b(-7). Let w be 6/(-4)*(2 + a)*1. Is ((-11599)/(-21))/(1/w) a prime number?
True
Suppose -5*k - 23 = -4*o + 10, -4*k = -2*o + 24. Suppose -4*b - 477 = -5*u, -3*b + 4*b - o = 0. Suppose -u - 1005 = -2*a. Is a a composite number?
True
Is 158/869 - (-2039717)/11 composite?
False
Is (-185572)/(-19) + (-85)/(-1615) a prime number?
True
Let r = 44341 + 41620. Is r composite?
True
Suppose 212*s - 67268536 = -116*s. Is s a prime number?
False
Let u = 74 + -72. Let m be (2 - 0)*-17 - -1. Is u/(-11) + (-24723)/m a composite number?
True
Let x(r) = r**3 - 7*r**2 + 7*r + 8. Let f(m) = 2*m - 15. Let z be f(11). Let j be x(z). Suppose 55*i - j*i = -1538. Is i a prime number?
True
Suppose -2*r - 10*r = -48. Let g be (-4)/(-3)*(-12)/(-8). Suppose -2*i = -g*v + 378 - 1794, -r*i + 2847 = -v. Is i prime?
False
Let n = -195 + 108. Let p = n - -92. Is p + (-10827)/(-12) + 1/(-4) composite?
False
Let a = 11645 - 8006. Let t = -5194 + a. Let h = t + 2462. Is h a prime number?
True
Let t = 85569 + -19820. Is t prime?
False
Suppose 212362044 = -79*j + 248*j + 473*j. Is j a composite number?
True
Let d = 24 - 21. Let a(h) = -2*h**d - h**2 - 13*h**2 - 16 + 3*h**3 + 15*h. Is a(13) composite?
True
Let m(y) = -8*y + 83. Let f be m(10). Suppose -2*d - f*k = -9194, -2*d + 9*k + 9194 = 11*k. Is d prime?
True
Let y be 49706/(-9) + (-2)/18. Let k = y + 46534. Is k a composite number?
False
Is 1021891952/336 - (7 + 580/(-84)) a composite number?
True
Let r(k) = 13496*k - 1481. Is r(8) prime?
True
Let a(y) = -21*y - 433. Let n(l) = -24*l - 434. Let v(w) = 5*a(w) - 6*n(w). Is v(0) a composite number?
False
Suppose 10 = -2*d + 8, -3*d = -4*g + 10879. Let j = g + 2287. Is j prime?
False
Let y = 215 - 212. Suppose y*f - 219 = u + 317, -5*u - 10 = 0. Is f a prime number?
False
Let q be ((-60)/(-21))/(16/4984). Let s = q + 4733. Is s a pr